
50
Let l = -2526 - -3017. Calculate the remainder when l is divided by 33.
29
Suppose -4*b + 25 = 9, 4*z - 5*b = 252. Calculate the remainder when 332 is divided by z.
60
Let t = 3162 + -3151. Calculate the remainder when 434 is divided by t.
5
Let c = 10 + -3. Suppose 182*i = 199*i - 969. Let r = i - 46. What is the remainder when r is divided by c?
4
Let s = 17 - 21. Let y be (4/3)/(s/72). Let l = 35 + y. Calculate the remainder when 19 is divided by l.
8
Let l(x) = -9*x - 212. Calculate the remainder when l(-52) is divided by 134.
122
Suppose -982*s + 986*s - 888 = -2*b, 0 = 3*b - 5*s - 1343. Calculate the remainder when b is divided by 6.
2
Suppose -6*s + 9*s + 48 = 0. Let w = s + 20. Suppose -3*k + 356 = t + w*t, 5*k - 615 = -4*t. Calculate the remainder when k is divided by 32.
31
Suppose -4*x + 716 = 84. Suppose 0 = 13*v - 310 - x. What is the remainder when v is divided by 15?
6
Let q(u) = -u**3 + 13*u**2 - 30*u + 93. Calculate the remainder when 869 is divided by q(11).
4
Let x(m) = -11*m - 1. Suppose -3*p - 5 = t, 6*t = 2*t - 5*p - 13. Let g be (-2)/1 + 0/(5 + t). Calculate the remainder when 54 is divided by x(g).
12
Suppose 4*w = w + 15. Let t(d) = 25*d + 1 - w + 7 - 2. Calculate the remainder when 75 is divided by t(1).
23
Suppose 250 = 3*l - 4*p - 178, 5*p = 2*l - 297. Let n = -95 + l. What is the remainder when n is divided by 7?
6
Calculate the remainder when 273 is divided by (-29)/(2/(-6) + 0).
12
Suppose -2*m - 701 - 3 = 0. Let k = m + 495. Calculate the remainder when k is divided by 18.
17
Let y = -1016 + 1478. Let j = y + -69. Calculate the remainder when j is divided by 66.
63
Suppose -m = -7*y + 12*y + 2, 5*y + 5 = 0. Suppose -3*f + 195 = -m*s - 204, -5*s = 5. What is the remainder when f is divided by 7?
6
Let q(o) = 42*o**2 - 116*o + 4*o**2 + 11 + 108*o. Calculate the remainder when q(2) is divided by 14.
11
Let g be -1*(-2 - -2) + 27/9. Suppose 4*x - 3*f = 21, -5 = -3*x + 5*f - g. Calculate the remainder when x is divided by (0 - (-10)/(-4))*-2.
4
Let c = 2690 - 2059. What is the remainder when c is divided by 190?
61
Suppose -3*q - 3*b = -363, -b = 5*q + 74 - 691. Calculate the remainder when 733 is divided by q.
113
Suppose 124 = -26*x + 30*x. Let b = x + -31. Suppose -3*p + 143 - 23 = b. Calculate the remainder when p is divided by 21.
19
Let c be 1/2 - (-25)/2. Suppose -535*g - 20 = -2*p - 539*g, -p = -g + 8. Calculate the remainder when 51 is divided by p*(0 + c/(-2)).
12
Suppose 27*i - 19042 = 83369. Calculate the remainder when i is divided by 95.
88
Let b(j) = -2*j**2 - 24*j + 2. Let x be b(-12). What is the remainder when -2 - (9422/x)/(-7) is divided by 25?
21
Let s(d) = 8*d - 36*d - 69*d + 177 + 185 - 340. What is the remainder when s(-3) is divided by 14?
5
Calculate the remainder when 776 is divided by ((-5)/3)/(21/(-126)).
6
Let i(g) = -10*g + 314. What is the remainder when i(1) is divided by 51?
49
Suppose -28*g = -40*g - 1932. What is the remainder when (-8358)/g + 10/115 is divided by 36?
16
Suppose 1371*c - 1382*c = -2299. What is the remainder when 1034 is divided by c?
198
Suppose 5*p - 110 = 5*s, 2*p - 5*s = 5*p - 66. Let i = -277 - -281. Suppose -y + 3*y + 22 = i*o, -3*o + 23 = 5*y. What is the remainder when p is divided by o?
4
Suppose 328*i + 3515 = 347*i. Calculate the remainder when i is divided by 54.
23
Let b be 0*(36/(-28) + (-4)/(-14)). Suppose u = b, -3*y + 185 = 2*y - 3*u. What is the remainder when 144 is divided by y?
33
Suppose -40*a + 2268 = 23*a. Let n be (15 - (0 + -1)) + 0. Suppose -n*x + 13*x = -a. Calculate the remainder when 69 is divided by x.
9
Let o(a) = 26 - 50*a + 109*a - 47*a + a**2. Let u = 12 - -7. What is the remainder when o(-17) is divided by u?
16
Calculate the remainder when 2954 is divided by 272/(-102) - (320/(-3) + 2).
98
Suppose -33*u - 49*u + 36*u + 828 = 0. Calculate the remainder when 54 is divided by u.
0
Let j(m) = m**2 + 33*m + 12. Let r be j(-6). Let i = 213 + r. What is the remainder when i is divided by 18?
9
Let h(t) = 18*t**2 - 32*t + 32. What is the remainder when 2391 is divided by h(1)?
15
Suppose -146*n + 141*n = -125*n + 23640. Calculate the remainder when 426 is divided by n.
32
Suppose -2*x = 6*c - 1030, -4*c - 2575 = -10*x + 5*x. What is the remainder when x is divided by 11?
9
Suppose 750*z + 12404 = 1193*z. Let s = 71 + -37. Suppose 5*l - 16 = s. What is the remainder when z is divided by l?
8
Suppose 7*a - 15*a = -448. Suppose a*w = 54*w + 344. Calculate the remainder when w is divided by 16.
12
Suppose 5*i = 216 + 398 + 186. What is the remainder when i is divided by 61?
38
Let b(t) be the third derivative of -5*t**4/6 + 5*t**3/2 + 47*t**2. Calculate the remainder when 129 is divided by b(0).
9
Suppose 6*j - 16 = 4*y, -4*y + j = -9*y + 31. Calculate the remainder when 25 is divided by y.
0
Suppose -4*j + 352 = -2*l, 2*j = 4*j + 3*l - 160. Let u = 526 - 440. What is the remainder when j is divided by u?
0
What is the remainder when 157 is divided by (-51)/(5/10*(-2 + 0))?
4
Let w(l) = 16*l - 77. Let o(u) = -u**3 - 3*u**2 + 8*u - 4. Let s be o(-5). Let q be w(s). Let d = q + -11. Calculate the remainder when d is divided by 6.
2
Let y(g) = 19*g - 69. Let x be y(4). Suppose -3*b = 10*w - x*w - 39, 3*w = 2*b - 16. Calculate the remainder when 35 is divided by b.
2
Let w(i) = -167*i + 2083. Calculate the remainder when w(11) is divided by 146.
100
Suppose -156 = -41*u + 38*u. What is the remainder when ((-3)/6)/((u/(-784))/13) is divided by 10?
8
Calculate the remainder when (-9)/(-3) + 196 + 55/(-11) is divided by 65.
64
Let i(q) = 11*q**2 - 72*q + 8. Let r(z) = 22*z**2 - 143*z + 15. Let g(v) = 5*i(v) - 2*r(v). What is the remainder when 91 is divided by g(7)?
29
Let f(p) = -p**3 - 8*p**2 + 22*p + 20. Let a be f(-10). Suppose -2*h + 38 - 32 = a. What is the remainder when 9 is divided by h?
0
Let g(x) be the first derivative of -x**2/2 + 10*x + 1. Suppose 0 = -39031*z + 39025*z + 162. What is the remainder when z is divided by g(5)?
2
Suppose 339*o - 688*o = -332*o - 816. Calculate the remainder when 3645 is divided by o.
45
Let h(x) = 21*x**2 - 7*x - 36. Let b be h(-6). Suppose -118 = 7*r - b. Calculate the remainder when r is divided by 25.
17
Let a(m) = m**3 + 4*m**2 + 5*m + 4. Let s be a(-2). What is the remainder when (1116/54)/(s/(-99)*-3) is divided by 15?
11
Suppose -2972 = -3*o - 5*v, -108*o + 5*v + 4900 = -103*o. Calculate the remainder when 3953 is divided by o.
17
Suppose m = 2*k - 171, 261 = -44*k + 47*k + 3*m. What is the remainder when 686 is divided by k?
84
Suppose 4*w = 4*k - 508, -8*k - 5*w + 1066 = -3*w. What is the remainder when k is divided by 16?
4
Suppose 4*k = -5*r - 1, 4*k + 8*r = 5*r + 1. Calculate the remainder when 57 is divided by 4*k*((-540)/(-24))/5.
3
Suppose 80*f = i + 84*f - 1116, i + 3*f - 1115 = 0. Calculate the remainder when i is divided by 120.
32
Let y be (-2 - -1)/(((-155)/2550)/(-31)). Let h = y + 550. What is the remainder when 115 is divided by h?
35
Suppose 18*z - 16*z = -36. Let p = -16 - z. Suppose -22 = -p*h - 8. What is the remainder when 27 is divided by h?
6
Let l(d) = 4*d - 19. Let x be (-27)/(-6)*(-16)/(-6). What is the remainder when (x/18)/(2/39) is divided by l(6)?
3
Let l(i) = 17*i**3 + 19*i**2 - 6*i - 5. What is the remainder when l(7) is divided by 280?
275
Let w = 713 - 654. What is the remainder when 1886 is divided by w?
57
Let d = -9 - -17. Let z be d/(-2) - (56 + 12). Let h = z + 79. Calculate the remainder when 13 is divided by h.
6
Suppose 0 = -7*c + 3*c + 3708. Calculate the remainder when c is divided by (16 - 6786/429)*319.
57
Let c(h) = 5*h - 6. Let i(j) = j**2 + 169*j + 5987. Calculate the remainder when i(-119) is divided by c(4).
9
Suppose -199 = -3*p + k - 147, 2*k = 5*p - 85. Let a = 34 - 23. Calculate the remainder when p is divided by a.
8
Let d(y) = -y**3 + 6*y**2 + 5*y + 4. Suppose -g + 21 = -39*f + 41*f, 12 = f + g. What is the remainder when d(6) is divided by f?
7
Suppose 5*t = 4*t + 3, -131 = -5*h - 2*t. Calculate the remainder when 34 is divided by ((-90)/h)/(-9) + (-126)/(-10).
8
Suppose -2*j - 27 = 2*g - 71, 56 = 2*g + 5*j. Calculate the remainder when 4439 is divided by g.
11
Suppose 3*d - 1934 - 139 = 0. Calculate the remainder when d is divide